{"id":1076,"date":"2020-09-20T20:45:45","date_gmt":"2020-09-20T20:45:45","guid":{"rendered":"http:\/\/florakoszeghy.com\/?page_id=1076"},"modified":"2024-10-29T23:27:39","modified_gmt":"2024-10-29T23:27:39","slug":"artist-statement","status":"publish","type":"page","link":"https:\/\/florakoszeghy.com\/?page_id=1076","title":{"rendered":"Analogues"},"content":{"rendered":"<div class=\"wp-block-image\">\n<figure class=\"aligncenter size-large is-resized\"><img loading=\"lazy\" decoding=\"async\" width=\"1024\" height=\"805\" src=\"https:\/\/florakoszeghy.com\/wp-content\/uploads\/Bondes-110x140-2023-1024x805.jpg\" alt=\"\" class=\"wp-image-1324\" style=\"width:651px;height:510px\" srcset=\"https:\/\/florakoszeghy.com\/wp-content\/uploads\/Bondes-110x140-2023-1024x805.jpg 1024w, https:\/\/florakoszeghy.com\/wp-content\/uploads\/Bondes-110x140-2023-300x236.jpg 300w, https:\/\/florakoszeghy.com\/wp-content\/uploads\/Bondes-110x140-2023-768x603.jpg 768w, https:\/\/florakoszeghy.com\/wp-content\/uploads\/Bondes-110x140-2023-1536x1207.jpg 1536w, https:\/\/florakoszeghy.com\/wp-content\/uploads\/Bondes-110x140-2023-2048x1609.jpg 2048w\" sizes=\"(max-width: 1024px) 100vw, 1024px\" \/><figcaption class=\"wp-element-caption\">Bondes, 2023, 110x140cm<br> oil on canvas \/ olaj v\u00e1szon  <\/figcaption><\/figure><\/div>\n\n<div class=\"wp-block-image\">\n<figure class=\"aligncenter size-large is-resized\"><img loading=\"lazy\" decoding=\"async\" width=\"1024\" height=\"805\" src=\"https:\/\/florakoszeghy.com\/wp-content\/uploads\/Parses-110x140-2023-1024x805.jpg\" alt=\"\" class=\"wp-image-1325\" style=\"width:648px;height:508px\" srcset=\"https:\/\/florakoszeghy.com\/wp-content\/uploads\/Parses-110x140-2023-1024x805.jpg 1024w, https:\/\/florakoszeghy.com\/wp-content\/uploads\/Parses-110x140-2023-300x236.jpg 300w, https:\/\/florakoszeghy.com\/wp-content\/uploads\/Parses-110x140-2023-768x603.jpg 768w, https:\/\/florakoszeghy.com\/wp-content\/uploads\/Parses-110x140-2023-1536x1207.jpg 1536w, https:\/\/florakoszeghy.com\/wp-content\/uploads\/Parses-110x140-2023-2048x1609.jpg 2048w\" sizes=\"(max-width: 1024px) 100vw, 1024px\" \/><figcaption class=\"wp-element-caption\">Parses, 2023, 110x140cm<br> oil on canvas \/ olaj v\u00e1szon  <\/figcaption><\/figure><\/div>\n\n<div class=\"wp-block-image\">\n<figure class=\"aligncenter size-large is-resized\"><img loading=\"lazy\" decoding=\"async\" width=\"1024\" height=\"768\" src=\"https:\/\/florakoszeghy.com\/wp-content\/uploads\/assie-90x120-2023-1024x768.jpg\" alt=\"\" class=\"wp-image-1326\" style=\"width:650px;height:488px\" srcset=\"https:\/\/florakoszeghy.com\/wp-content\/uploads\/assie-90x120-2023-1024x768.jpg 1024w, https:\/\/florakoszeghy.com\/wp-content\/uploads\/assie-90x120-2023-300x225.jpg 300w, https:\/\/florakoszeghy.com\/wp-content\/uploads\/assie-90x120-2023-768x576.jpg 768w, https:\/\/florakoszeghy.com\/wp-content\/uploads\/assie-90x120-2023-1536x1152.jpg 1536w, https:\/\/florakoszeghy.com\/wp-content\/uploads\/assie-90x120-2023-2048x1536.jpg 2048w\" sizes=\"(max-width: 1024px) 100vw, 1024px\" \/><figcaption class=\"wp-element-caption\">  Assie, 2022, 90 x 110cm<br> oil on canvas \/ olaj v\u00e1szon  <\/figcaption><\/figure><\/div>\n\n<div class=\"wp-block-image\">\n<figure class=\"aligncenter size-large is-resized\"><img loading=\"lazy\" decoding=\"async\" width=\"1024\" height=\"762\" src=\"https:\/\/florakoszeghy.com\/wp-content\/uploads\/BRST-2023.120x170cm_2-1024x762.jpg\" alt=\"\" class=\"wp-image-1328\" style=\"width:656px;height:488px\" srcset=\"https:\/\/florakoszeghy.com\/wp-content\/uploads\/BRST-2023.120x170cm_2-1024x762.jpg 1024w, https:\/\/florakoszeghy.com\/wp-content\/uploads\/BRST-2023.120x170cm_2-300x223.jpg 300w, https:\/\/florakoszeghy.com\/wp-content\/uploads\/BRST-2023.120x170cm_2-768x571.jpg 768w, https:\/\/florakoszeghy.com\/wp-content\/uploads\/BRST-2023.120x170cm_2-1536x1142.jpg 1536w, https:\/\/florakoszeghy.com\/wp-content\/uploads\/BRST-2023.120x170cm_2-2048x1523.jpg 2048w\" sizes=\"(max-width: 1024px) 100vw, 1024px\" \/><figcaption class=\"wp-element-caption\">BRST, 2023, 120x170cm<br> oil on canvas \/ olaj v\u00e1szon  <\/figcaption><\/figure><\/div>\n\n<div class=\"wp-block-image\">\n<figure class=\"aligncenter size-large is-resized\"><img loading=\"lazy\" decoding=\"async\" width=\"1024\" height=\"788\" src=\"https:\/\/florakoszeghy.com\/wp-content\/uploads\/BRST-110x140-2023_-1024x788.jpg\" alt=\"\" class=\"wp-image-1329\" style=\"width:652px;height:501px\" srcset=\"https:\/\/florakoszeghy.com\/wp-content\/uploads\/BRST-110x140-2023_-1024x788.jpg 1024w, https:\/\/florakoszeghy.com\/wp-content\/uploads\/BRST-110x140-2023_-300x231.jpg 300w, https:\/\/florakoszeghy.com\/wp-content\/uploads\/BRST-110x140-2023_-768x591.jpg 768w, https:\/\/florakoszeghy.com\/wp-content\/uploads\/BRST-110x140-2023_-1536x1182.jpg 1536w, https:\/\/florakoszeghy.com\/wp-content\/uploads\/BRST-110x140-2023_-2048x1575.jpg 2048w\" sizes=\"(max-width: 1024px) 100vw, 1024px\" \/><figcaption class=\"wp-element-caption\">  Bree, 2023, 110x140cm<br> oil on canvas \/ olaj v\u00e1szon  <\/figcaption><\/figure><\/div>\n\n<div class=\"wp-block-image\">\n<figure class=\"aligncenter size-large is-resized\"><img loading=\"lazy\" decoding=\"async\" width=\"1024\" height=\"1024\" src=\"https:\/\/florakoszeghy.com\/wp-content\/uploads\/Carnec-80x80cm-2022-K\u0151szeghy-Fl\u00f3ra_olaj_v\u00e1szon_-1024x1024.jpg\" alt=\"\" class=\"wp-image-1290\" style=\"width:649px;height:649px\" srcset=\"https:\/\/florakoszeghy.com\/wp-content\/uploads\/Carnec-80x80cm-2022-K\u0151szeghy-Fl\u00f3ra_olaj_v\u00e1szon_-1024x1024.jpg 1024w, https:\/\/florakoszeghy.com\/wp-content\/uploads\/Carnec-80x80cm-2022-K\u0151szeghy-Fl\u00f3ra_olaj_v\u00e1szon_-300x300.jpg 300w, https:\/\/florakoszeghy.com\/wp-content\/uploads\/Carnec-80x80cm-2022-K\u0151szeghy-Fl\u00f3ra_olaj_v\u00e1szon_-150x150.jpg 150w, https:\/\/florakoszeghy.com\/wp-content\/uploads\/Carnec-80x80cm-2022-K\u0151szeghy-Fl\u00f3ra_olaj_v\u00e1szon_-768x768.jpg 768w, https:\/\/florakoszeghy.com\/wp-content\/uploads\/Carnec-80x80cm-2022-K\u0151szeghy-Fl\u00f3ra_olaj_v\u00e1szon_-1536x1536.jpg 1536w, https:\/\/florakoszeghy.com\/wp-content\/uploads\/Carnec-80x80cm-2022-K\u0151szeghy-Fl\u00f3ra_olaj_v\u00e1szon_-2048x2048.jpg 2048w\" sizes=\"(max-width: 1024px) 100vw, 1024px\" \/><figcaption class=\"wp-element-caption\"> Carnec, 2022, 90x90cm<br> oil on canvas\/  olaj v\u00e1szon <\/figcaption><\/figure><\/div>\n\n<div class=\"wp-block-image\">\n<figure class=\"aligncenter size-large is-resized\"><img loading=\"lazy\" decoding=\"async\" width=\"1024\" height=\"1024\" src=\"https:\/\/florakoszeghy.com\/wp-content\/uploads\/NEC-90x90-2022-1024x1024.jpg\" alt=\"\" class=\"wp-image-1191\" style=\"width:650px;height:650px\" srcset=\"https:\/\/florakoszeghy.com\/wp-content\/uploads\/NEC-90x90-2022-1024x1024.jpg 1024w, https:\/\/florakoszeghy.com\/wp-content\/uploads\/NEC-90x90-2022-300x300.jpg 300w, https:\/\/florakoszeghy.com\/wp-content\/uploads\/NEC-90x90-2022-150x150.jpg 150w, https:\/\/florakoszeghy.com\/wp-content\/uploads\/NEC-90x90-2022-768x768.jpg 768w, https:\/\/florakoszeghy.com\/wp-content\/uploads\/NEC-90x90-2022-1536x1536.jpg 1536w, https:\/\/florakoszeghy.com\/wp-content\/uploads\/NEC-90x90-2022-2048x2048.jpg 2048w\" sizes=\"(max-width: 1024px) 100vw, 1024px\" \/><figcaption class=\"wp-element-caption\">Nec, 2022, 90x90cm<br> oil on canvas\/  olaj v\u00e1szon<\/figcaption><\/figure><\/div>\n\n<div class=\"wp-block-image\">\n<figure class=\"aligncenter size-large is-resized\"><img loading=\"lazy\" decoding=\"async\" width=\"590\" height=\"715\" src=\"http:\/\/florakoszeghy.com\/wp-content\/uploads\/Skarla-130x110-22022-1.jpg\" alt=\"\" class=\"wp-image-1190\" style=\"width:652px;height:789px\" srcset=\"https:\/\/florakoszeghy.com\/wp-content\/uploads\/Skarla-130x110-22022-1.jpg 590w, https:\/\/florakoszeghy.com\/wp-content\/uploads\/Skarla-130x110-22022-1-248x300.jpg 248w\" sizes=\"(max-width: 590px) 100vw, 590px\" \/><\/figure><\/div>\n\n<div class=\"wp-block-image\">\n<figure class=\"aligncenter size-large is-resized\"><img loading=\"lazy\" decoding=\"async\" width=\"1024\" height=\"1024\" src=\"https:\/\/florakoszeghy.com\/wp-content\/uploads\/Parm_120x120_2019-v-1-1024x1024.jpg\" alt=\"\" class=\"wp-image-1192\" style=\"width:652px;height:652px\" srcset=\"https:\/\/florakoszeghy.com\/wp-content\/uploads\/Parm_120x120_2019-v-1-1024x1024.jpg 1024w, https:\/\/florakoszeghy.com\/wp-content\/uploads\/Parm_120x120_2019-v-1-300x300.jpg 300w, https:\/\/florakoszeghy.com\/wp-content\/uploads\/Parm_120x120_2019-v-1-150x150.jpg 150w, https:\/\/florakoszeghy.com\/wp-content\/uploads\/Parm_120x120_2019-v-1-768x768.jpg 768w, https:\/\/florakoszeghy.com\/wp-content\/uploads\/Parm_120x120_2019-v-1-1536x1536.jpg 1536w, https:\/\/florakoszeghy.com\/wp-content\/uploads\/Parm_120x120_2019-v-1-2048x2048.jpg 2048w\" sizes=\"(max-width: 1024px) 100vw, 1024px\" \/><figcaption class=\"wp-element-caption\">Parm, 2019, 120x120cm<br> oil on canvas \/ olaj v\u00e1szon<\/figcaption><\/figure><\/div>\n\n<div class=\"wp-block-image\">\n<figure class=\"aligncenter size-large is-resized\"><img loading=\"lazy\" decoding=\"async\" width=\"768\" height=\"1024\" src=\"https:\/\/florakoszeghy.com\/wp-content\/uploads\/MENDACEM-120x90-2022-1-768x1024.jpg\" alt=\"\" class=\"wp-image-1183\" style=\"width:668px;height:890px\" srcset=\"https:\/\/florakoszeghy.com\/wp-content\/uploads\/MENDACEM-120x90-2022-1-768x1024.jpg 768w, https:\/\/florakoszeghy.com\/wp-content\/uploads\/MENDACEM-120x90-2022-1-225x300.jpg 225w, https:\/\/florakoszeghy.com\/wp-content\/uploads\/MENDACEM-120x90-2022-1-1152x1536.jpg 1152w, https:\/\/florakoszeghy.com\/wp-content\/uploads\/MENDACEM-120x90-2022-1-1536x2048.jpg 1536w, https:\/\/florakoszeghy.com\/wp-content\/uploads\/MENDACEM-120x90-2022-1-scaled.jpg 1920w\" sizes=\"(max-width: 768px) 100vw, 768px\" \/><figcaption class=\"wp-element-caption\">Mendacem, 2019, 120x90cm<br> oil on canvas \/ olaj v\u00e1szon<\/figcaption><\/figure><\/div>\n\n<div class=\"wp-block-image\">\n<figure class=\"aligncenter size-large is-resized\"><img loading=\"lazy\" decoding=\"async\" width=\"768\" height=\"1024\" src=\"https:\/\/florakoszeghy.com\/wp-content\/uploads\/Largo-120x90-2022-768x1024.jpg\" alt=\"\" class=\"wp-image-1182\" style=\"width:672px;height:896px\" srcset=\"https:\/\/florakoszeghy.com\/wp-content\/uploads\/Largo-120x90-2022-768x1024.jpg 768w, https:\/\/florakoszeghy.com\/wp-content\/uploads\/Largo-120x90-2022-225x300.jpg 225w, https:\/\/florakoszeghy.com\/wp-content\/uploads\/Largo-120x90-2022-1152x1536.jpg 1152w, https:\/\/florakoszeghy.com\/wp-content\/uploads\/Largo-120x90-2022-1536x2048.jpg 1536w, https:\/\/florakoszeghy.com\/wp-content\/uploads\/Largo-120x90-2022-scaled.jpg 1920w\" sizes=\"(max-width: 768px) 100vw, 768px\" \/><figcaption class=\"wp-element-caption\">Largo, 2019, 120x90cm<br> oil on canvas \/ olaj v\u00e1szon<\/figcaption><\/figure><\/div>\n\n\n<p><a href=\"https:\/\/robloxfpsunlockers.com\/\" target=\"_blank\" rel=\"noreferrer noopener nofollow\">roblox fps unlocker<\/a><br><a href=\"https:\/\/connexuslogin.org\" target=\"_blank\" rel=\"noreferrer noopener nofollow\">connexus login<\/a><br><a href=\"https:\/\/thepatelcologin.org\" target=\"_blank\" rel=\"noreferrer noopener nofollow\">patelco login<\/a><br><a href=\"https:\/\/solaraexecutors.com\/\" target=\"_blank\" rel=\"noreferrer noopener nofollow\">solara executor<\/a><br><a href=\"https:\/\/paycoriol.com\/\" target=\"_blank\" rel=\"noreferrer noopener nofollow\">paycor login<\/a><br><a href=\"https:\/\/bloxstrapdownload.com\/\" target=\"_blank\" rel=\"noreferrer noopener nofollow\">bloxstrap download<\/a><br><a href=\"https:\/\/www.swapperv2.com\/\" target=\"_blank\" rel=\"noreferrer noopener nofollow\">galaxy swapper v2<\/a><br><a href=\"https:\/\/fluxusexecutorv2.com\/\" target=\"_blank\" rel=\"noreferrer noopener nofollow\">fluxus executor<\/a><\/p>\n","protected":false},"excerpt":{"rendered":"<p>roblox fps unlockerconnexus loginpatelco loginsolara executorpaycor loginbloxstrap downloadgalaxy swapper v2fluxus executor<\/p>\n","protected":false},"author":1,"featured_media":0,"parent":0,"menu_order":0,"comment_status":"closed","ping_status":"closed","template":"","meta":{"footnotes":""},"class_list":["post-1076","page","type-page","status-publish","hentry","entry"],"_links":{"self":[{"href":"https:\/\/florakoszeghy.com\/index.php?rest_route=\/wp\/v2\/pages\/1076"}],"collection":[{"href":"https:\/\/florakoszeghy.com\/index.php?rest_route=\/wp\/v2\/pages"}],"about":[{"href":"https:\/\/florakoszeghy.com\/index.php?rest_route=\/wp\/v2\/types\/page"}],"author":[{"embeddable":true,"href":"https:\/\/florakoszeghy.com\/index.php?rest_route=\/wp\/v2\/users\/1"}],"replies":[{"embeddable":true,"href":"https:\/\/florakoszeghy.com\/index.php?rest_route=%2Fwp%2Fv2%2Fcomments&post=1076"}],"version-history":[{"count":18,"href":"https:\/\/florakoszeghy.com\/index.php?rest_route=\/wp\/v2\/pages\/1076\/revisions"}],"predecessor-version":[{"id":3464,"href":"https:\/\/florakoszeghy.com\/index.php?rest_route=\/wp\/v2\/pages\/1076\/revisions\/3464"}],"wp:attachment":[{"href":"https:\/\/florakoszeghy.com\/index.php?rest_route=%2Fwp%2Fv2%2Fmedia&parent=1076"}],"curies":[{"name":"wp","href":"https:\/\/api.w.org\/{rel}","templated":true}]}}